-- phpMyAdmin SQL Dump
-- version 3.4.11.1deb2+deb7u1
-- http://www.phpmyadmin.net
--
-- Hostiteľ: localhost
-- Vygenerované: Út 07.Apr 2015, 15:03
-- Verzia serveru: 5.5.41
-- Verzia PHP: 5.4.39-0+deb7u2

SET SQL_MODE="NO_AUTO_VALUE_ON_ZERO";
SET time_zone = "+00:00";


/*!40101 SET @OLD_CHARACTER_SET_CLIENT=@@CHARACTER_SET_CLIENT */;
/*!40101 SET @OLD_CHARACTER_SET_RESULTS=@@CHARACTER_SET_RESULTS */;
/*!40101 SET @OLD_COLLATION_CONNECTION=@@COLLATION_CONNECTION */;
/*!40101 SET NAMES utf8 */;

--
-- Databáza: `term`
--

-- --------------------------------------------------------

--
-- Štruktúra tabuľky pre tabuľku `area`
--

CREATE TABLE IF NOT EXISTS `area` (
  `AID` int(11) NOT NULL AUTO_INCREMENT,
  `abr` varchar(10) NOT NULL,
  `title` varchar(75) NOT NULL,
  PRIMARY KEY (`AID`)
) ENGINE=MyISAM  DEFAULT CHARSET=cp1250 AUTO_INCREMENT=102 ;

--
-- Sťahujem dáta pre tabuľku `area`
--

INSERT INTO `area` (`AID`, `abr`, `title`) VALUES
(1, 'MAT', 'Matematika'),
(2, 'ZEI', 'Základy elektrotechnického inžinierstva'),
(3, 'UPS', 'Úvod do programovania a sietí'),
(4, 'ZIM', 'Základy inžinierstva materiálov'),
(5, 'F', 'Fyzika'),
(6, 'PPI', 'Princípy počítačového inžinierstva'),
(7, 'PROG', 'Programovanie'),
(8, 'E', 'Elektrotechnika'),
(9, 'ML', 'Matematická logika'),
(10, 'NMPaMŠ', 'Numerická matematika, pravdepodobnosť a matematická štatistika'),
(11, 'OP', 'Objektové programovanie'),
(12, 'UŠaA', 'Údajové štruktúry a algoritmy'),
(13, 'FJaP', 'Formálne jazyky a prekladače'),
(14, 'AdOSLinux', 'Administrácia operačného systému Linux'),
(15, 'DBS', 'Databázové systémy'),
(16, 'OS', 'Operačné systémy'),
(17, 'AS', 'Asembler'),
(18, 'PDotNET', 'Programovanie v prostredí DotNET'),
(19, 'PS', 'Počítačové siete'),
(20, 'TJava', 'Technológie Java'),
(21, 'DvI', 'Dokumentácia v informatike'),
(22, 'LS', 'Logické systémy'),
(23, 'ZSwI', 'Základy softvérového inžinierstva'),
(24, 'PG', 'Počítačová grafika'),
(25, 'DSProg', 'Distribuované programovanie'),
(26, 'FP', 'Funkcionálne programovanie'),
(27, 'APS', 'Architektúry počítačových systémov'),
(28, 'BvI', 'Bezpečnosť v internete'),
(29, 'TBIS', 'Technológie budovania informačných systémov'),
(30, 'AOP', 'Aspektovo-orientované programovanie'),
(31, 'KPr', 'Konštrukcia prekladačov'),
(32, 'TI', 'Teoretická informatika'),
(33, 'SPoč', 'Stavba počítačov'),
(34, 'WebT', 'Webové technológie'),
(35, 'NČS', 'Návrh číslicových systémov'),
(36, 'TT', 'Teória typov'),
(37, 'PDBT', 'Pokročilé databázové technológie'),
(38, 'OVaUnix', 'OpenView a administrácia operačného systému HP Unix'),
(39, 'MaS', 'Modelovanie a simulácia'),
(40, 'AD', 'Administrácia databáz'),
(41, 'SPJ', 'Sémantika programovacích jazykov'),
(42, 'MaGSA', 'Modelovanie a generovanie softvérových architektúr'),
(43, 'SVR', 'Systémy virtuálnej reality'),
(44, 'PZaSP', 'Periférne zariadenia a styk s prostredím'),
(45, 'DaS', 'Diagnostika a spoľahlivosť'),
(46, 'LPI', 'Logika pre informatikov'),
(47, 'SAP', 'Administrácia SAP'),
(48, 'TSWP', 'Technológie softvérových projektov'),
(49, 'FŠS', 'Formálne špecifikácie systémov'),
(50, 'SAvPS', 'Smerovacie algoritmy v počítačových sieťach'),
(51, 'PP', 'Paralelné programovanie'),
(52, 'BvPS', 'Bezpečnosť v počítačových systémoch'),
(53, 'KaMSW', 'Kvalita a manažment softvéru'),
(54, 'PPS', 'Paralelné počítačové systémy'),
(55, 'MedIn', 'Medicínska informatika'),
(101, 'SKU', 'Skúšobníček');

-- --------------------------------------------------------

--
-- Štruktúra tabuľky pre tabuľku `bibliography`
--

CREATE TABLE IF NOT EXISTS `bibliography` (
  `bid` int(11) NOT NULL AUTO_INCREMENT,
  `tid` int(11) NOT NULL,
  `bib` varchar(255) NOT NULL,
  `link` varchar(255) NOT NULL,
  `ord` int(11) NOT NULL,
  PRIMARY KEY (`bid`)
) ENGINE=MyISAM  DEFAULT CHARSET=cp1250 AUTO_INCREMENT=62 ;

--
-- Sťahujem dáta pre tabuľku `bibliography`
--

INSERT INTO `bibliography` (`bid`, `tid`, `bib`, `link`, `ord`) VALUES
(52, 3, 'Havlice, Z.: Modelovanie a prototypovanie pri projektovaní informa?ných systémov. Academic Press Elfa, s.r.o, Košice, január 1999.', '', 1),
(16, 1, 'Havlice, Z.: Modelovanie a prototypovanie pri projektovaní informačných systémov. Academic Press Elfa, s.r.o, Košice, január 1999.', '', 1),
(57, 2, 'Havlice, Z.: Modelovanie a prototypovanie pri projektovaní informačných systémov. Academic Press Elfa, s.r.o, Košice, január 1999.', '', 1),
(19, 4, 'Havlice, Z.: Modelovanie a prototypovanie pri projektovaní informačných systémov. Academic Press Elfa, s.r.o, Košice, január 1999.', '', 1),
(43, 5, 'Havlice, Z.: Modelovanie a prototypovanie pri projektovaní informačných systémov. Academic Press Elfa, s.r.o, Košice, január 1999.', '', 1),
(36, 6, 'Havlice, Z.: Modelovanie a prototypovanie pri projektovaní informačných systémov. Academic Press Elfa, s.r.o, Košice, január 1999.', '', 1),
(22, 7, 'aaaaa', 'aaaaa', 1),
(23, 7, 'aaaaa', 'sssss', 2),
(24, 7, 'ssssss', '', 3),
(37, 14, 'Online Dictionary - Webster''s Dictionary', 'http://www.webster-dictionary.org/definition/object', 1),
(38, 14, 'The Free Dictionary', 'http://www.thefreedictionary.com/object', 2),
(54, 24, 'Doc. Ing. Ján Bača, CSc.: Logické systémy, Návody na cvičenia, Elfa, s.r.o. Košice, 1994, pp. 90, ISBN 80-7099-232-8.', '', 1),
(45, 25, 'Doc. Ing. Ján Bača, CSc.: Logické systémy, Návody na cvičenia, Elfa, s.r.o. Košice, 1994, pp. 90, ISBN 80-7099-232-8.', '', 1),
(46, 27, 'Doc. Ing. Ján Bača, CSc.: Logické systémy, Návody na cvičenia, Elfa, s.r.o. Košice, 1994, pp. 90, ISBN 80-7099-232-8.', '', 1),
(47, 28, 'Doc. Ing. Ján Bača, CSc.: Logické systémy, Návody na cvičenia, Elfa, s.r.o. Košice, 1994, pp. 90, ISBN 80-7099-232-8.', '', 1),
(50, 29, 'Doc. Ing. Ján Bača, CSc.: Logické systémy, Návody na cvičenia, Elfa, s.r.o. Košice, 1994, pp. 90, ISBN 80-7099-232-8.', '', 1),
(49, 30, 'Doc. Ing. Ján Bača, CSc.: Logické systémy, Návody na cvičenia, Elfa, s.r.o. Košice, 1994, pp. 90, ISBN 80-7099-232-8.', '', 1),
(58, 31, 'Doc. Ing. Ján Bača, CSc.: Logické systémy, Návody na cvičenia, Elfa, s.r.o. Košice, 1994, pp. 90, ISBN 80-7099-232-8.', '', 1),
(55, 32, 'Doc. Ing. Ján Bača, CSc.: Logické systémy, Návody na cvičenia, Elfa, s.r.o. Košice, 1994, pp. 90, ISBN 80-7099-232-8.', '', 1),
(59, 33, 'Doc. Ing. Ján Bača, CSc.: Logické systémy, Návody na cvičenia, Elfa, s.r.o. Košice, 1994, pp. 90, ISBN 80-7099-232-8.', '', 1),
(60, 34, 'Doc. Ing. Ján Bača, CSc.: Logické systémy, Návody na cvičenia, Elfa, s.r.o. Košice, 1994, pp. 90, ISBN 80-7099-232-8.', '', 1),
(61, 35, 'Doc. Ing. Ján Bača, CSc.: Logické systémy, Návody na cvičenia, Elfa, s.r.o. Košice, 1994, pp. 90, ISBN 80-7099-232-8.', '', 1);

-- --------------------------------------------------------

--
-- Štruktúra tabuľky pre tabuľku `comment`
--

CREATE TABLE IF NOT EXISTS `comment` (
  `id` int(11) NOT NULL AUTO_INCREMENT,
  `suser` varchar(7) NOT NULL,
  `duser` varchar(7) NOT NULL,
  `TID` int(11) NOT NULL,
  `datetime` bigint(12) NOT NULL,
  `nazov` varchar(128) NOT NULL,
  `text` blob NOT NULL,
  `read` varchar(1) NOT NULL,
  PRIMARY KEY (`id`)
) ENGINE=MyISAM  DEFAULT CHARSET=latin1 AUTO_INCREMENT=4 ;

--
-- Sťahujem dáta pre tabuľku `comment`
--

INSERT INTO `comment` (`id`, `suser`, `duser`, `TID`, `datetime`, `nazov`, `text`, `read`) VALUES
(2, 'bm569go', 'zd712go', 1, 201402022202, 'nazov', 0x62, 'N'),
(3, 'bm569go', 'zd712go', 1, 201402022204, 'Chybný text', 0x4b6f6c6567612c206de174652074616d20636879626efd20746578742e, 'N');

-- --------------------------------------------------------

--
-- Štruktúra tabuľky pre tabuľku `equiv`
--

CREATE TABLE IF NOT EXISTS `equiv` (
  `LID` int(11) NOT NULL AUTO_INCREMENT,
  `STID` int(11) NOT NULL,
  `DTID` int(11) NOT NULL,
  PRIMARY KEY (`LID`)
) ENGINE=MyISAM  DEFAULT CHARSET=cp1250 AUTO_INCREMENT=5 ;

--
-- Sťahujem dáta pre tabuľku `equiv`
--

INSERT INTO `equiv` (`LID`, `STID`, `DTID`) VALUES
(4, 3, 4);

-- --------------------------------------------------------

--
-- Štruktúra tabuľky pre tabuľku `history`
--

CREATE TABLE IF NOT EXISTS `history` (
  `id` int(11) NOT NULL AUTO_INCREMENT,
  `USID` varchar(10) NOT NULL,
  `TID` int(11) NOT NULL,
  PRIMARY KEY (`id`)
) ENGINE=MyISAM  DEFAULT CHARSET=cp1250 AUTO_INCREMENT=559 ;

--
-- Sťahujem dáta pre tabuľku `history`
--

INSERT INTO `history` (`id`, `USID`, `TID`) VALUES
(1, 'bm569go', 1),
(2, 'bm569go', 2),
(3, 'bm569go', 1),
(4, 'bm569go', 2),
(5, 'bm569go', 1),
(6, 'bm569go', 2),
(7, 'bm569go', 1),
(8, 'bm569go', 2),
(9, 'bm569go', 3),
(10, 'bm569go', 4),
(11, 'bm569go', 3),
(12, 'bm569go', 2),
(13, 'bm569go', 3),
(14, 'bm569go', 1),
(15, 'bm569go', 6),
(16, 'bm569go', 5),
(17, 'bm569go', 2),
(18, 'bm569go', 4),
(19, 'bm569go', 6),
(20, 'bm569go', 1),
(21, 'bm569go', 5),
(22, 'bm569go', 3),
(23, 'bm569go', 2),
(24, 'bm569go', 4),
(25, 'bm569go', 6),
(26, 'bm569go', 1),
(27, 'bm569go', 2),
(28, 'bm569go', 4),
(29, 'bm569go', 2),
(30, 'bm569go', 4),
(31, 'bm569go', 1),
(32, 'bm569go', 6),
(33, 'bm569go', 1),
(34, 'bm569go', 2),
(35, 'bm569go', 4),
(36, 'bm569go', 2),
(37, 'bm569go', 3),
(38, 'bm569go', 7),
(39, 'bm569go', 5),
(40, 'bm569go', 3),
(41, 'bm569go', 2),
(42, 'bm569go', 6),
(43, 'bm569go', 2),
(44, 'bm569go', 1),
(45, 'bm569go', 2),
(46, 'bm569go', 1),
(47, 'bm569go', 2),
(48, 'bm569go', 3),
(49, 'bm569go', 2),
(50, 'bm569go', 1),
(51, 'bm569go', 2),
(52, 'bm569go', 5),
(53, 'bm569go', 2),
(54, 'bm569go', 4),
(55, 'bm569go', 2),
(56, 'bm569go', 4),
(57, 'bm569go', 2),
(58, 'bm569go', 6),
(59, 'bm569go', 2),
(60, 'bm569go', 4),
(61, 'bm569go', 2),
(62, 'bm569go', 4),
(63, 'bm569go', 6),
(64, 'bm569go', 2),
(65, 'bm569go', 5),
(66, 'bm569go', 2),
(67, 'bm569go', 6),
(68, 'bm569go', 2),
(69, 'bm569go', 1),
(70, 'bm569go', 2),
(71, 'bm569go', 3),
(72, 'bm569go', 2),
(73, 'bm569go', 3),
(74, 'bm569go', 2),
(75, 'bm569go', 4),
(76, 'bm569go', 2),
(77, 'bm569go', 4),
(78, 'bm569go', 2),
(79, 'bm569go', 5),
(80, 'bm569go', 3),
(81, 'bm569go', 2),
(82, 'bm569go', 4),
(83, 'bm569go', 6),
(84, 'bm569go', 1),
(85, 'bm569go', 2),
(86, 'bm569go', 1),
(87, 'bm569go', 4),
(88, 'bm569go', 1),
(89, 'bm569go', 2),
(90, 'bm569go', 7),
(91, 'bm569go', 2),
(92, 'bm569go', 7),
(93, 'bm569go', 4),
(94, 'bm569go', 6),
(95, 'bm569go', 1),
(96, 'bm569go', 2),
(97, 'bm569go', 4),
(98, 'bm569go', 2),
(99, 'bm569go', 4),
(100, 'bm569go', 6),
(101, 'bm569go', 1),
(102, 'bm569go', 2),
(103, 'bm569go', 6),
(104, 'bm569go', 4),
(105, 'bm569go', 2),
(106, 'bm569go', 8),
(107, 'bm569go', 2),
(108, 'bm569go', 4),
(109, 'bm569go', 9),
(110, 'bm569go', 2),
(111, 'bm569go', 6),
(112, 'bm569go', 2),
(113, 'bm569go', 8),
(114, 'bm569go', 2),
(115, 'bm569go', 10),
(116, 'bm569go', 2),
(117, 'bm569go', 11),
(118, 'bm569go', 2),
(119, 'bm569go', 5),
(120, 'bm569go', 2),
(121, 'bm569go', 5),
(122, 'bm569go', 3),
(123, 'bm569go', 2),
(124, 'bm569go', 9),
(125, 'bm569go', 11),
(126, 'bm569go', 4),
(127, 'bm569go', 6),
(128, 'bm569go', 1),
(129, 'bm569go', 2),
(130, 'bm569go', 12),
(131, 'bm569go', 2),
(132, 'bm569go', 13),
(133, 'bm569go', 2),
(134, 'bm569go', 3),
(135, 'bm569go', 9),
(136, 'bm569go', 11),
(137, 'bm569go', 2),
(138, 'bm569go', 5),
(139, 'bm569go', 3),
(140, 'bm569go', 2),
(141, 'bm569go', 10),
(142, 'bm569go', 2),
(143, 'bm569go', 10),
(144, 'bm569go', 2),
(145, 'bm569go', 9),
(146, 'bm569go', 2),
(147, 'bm569go', 9),
(148, 'bm569go', 11),
(149, 'bm569go', 2),
(150, 'bm569go', 11),
(151, 'bm569go', 2),
(152, 'bm569go', 11),
(153, 'bm569go', 2),
(154, 'bm569go', 11),
(155, 'bm569go', 2),
(156, 'bm569go', 6),
(157, 'bm569go', 2),
(158, 'bm569go', 6),
(159, 'bm569go', 2),
(160, 'bm569go', 5),
(161, 'bm569go', 2),
(162, 'bm569go', 6),
(163, 'bm569go', 4),
(164, 'bm569go', 6),
(165, 'bm569go', 2),
(166, 'bm569go', 6),
(167, 'bm569go', 2),
(168, 'bm569go', 5),
(169, 'bm569go', 2),
(170, 'bm569go', 4),
(171, 'bm569go', 2),
(172, 'bm569go', 5),
(173, 'bm569go', 2),
(174, 'bm569go', 4),
(175, 'bm569go', 2),
(176, 'bm569go', 3),
(177, 'bm569go', 2),
(178, 'bm569go', 5),
(179, 'bm569go', 3),
(180, 'bm569go', 2),
(181, 'bm569go', 5),
(182, 'bm569go', 2),
(183, 'bm569go', 6),
(184, 'bm569go', 2),
(185, 'bm569go', 5),
(186, 'bm569go', 2),
(187, 'bm569go', 6),
(188, 'bm569go', 2),
(189, 'bm569go', 1),
(190, 'bm569go', 2),
(191, 'bm569go', 6),
(192, 'bm569go', 2),
(193, 'bm569go', 1),
(194, 'bm569go', 2),
(195, 'bm569go', 10),
(196, 'bm569go', 2),
(197, 'bm569go', 10),
(198, 'bm569go', 2),
(199, 'bm569go', 8),
(200, 'bm569go', 2),
(201, 'bm569go', 4),
(202, 'bm569go', 2),
(203, 'bm569go', 5),
(204, 'bm569go', 2),
(205, 'bm569go', 5),
(206, 'bm569go', 2),
(207, 'bm569go', 6),
(208, 'bm569go', 4),
(209, 'bm569go', 2),
(210, 'bm569go', 6),
(211, 'bm569go', 2),
(212, 'bm569go', 1),
(213, 'bm569go', 2),
(214, 'bm569go', 11),
(215, 'bm569go', 2),
(216, 'bm569go', 9),
(217, 'bm569go', 2),
(218, 'bm569go', 5),
(219, 'bm569go', 3),
(220, 'bm569go', 2),
(221, 'bm569go', 9),
(222, 'bm569go', 2),
(223, 'bm569go', 6),
(224, 'bm569go', 2),
(225, 'bm569go', 6),
(226, 'bm569go', 8),
(227, 'bm569go', 2),
(228, 'bm569go', 14),
(229, 'bm569go', 5),
(230, 'bm569go', 14),
(231, 'bm569go', 15),
(232, 'bm569go', 14),
(233, 'bm569go', 15),
(234, 'bm569go', 14),
(235, 'bm569go', 15),
(236, 'bm569go', 14),
(237, 'bm569go', 18),
(238, 'bm569go', 17),
(239, 'bm569go', 15),
(240, 'bm569go', 19),
(241, 'bm569go', 15),
(242, 'bm569go', 14),
(243, 'bm569go', 16),
(244, 'bm569go', 19),
(245, 'bm569go', 2),
(246, 'bm569go', 1),
(247, 'bm569go', 2),
(248, 'bm569go', 19),
(249, 'bm569go', 2),
(250, 'bm569go', 9),
(251, 'bm569go', 19),
(252, 'bm569go', 15),
(253, 'bm569go', 14),
(254, 'bm569go', 17),
(255, 'bm569go', 18),
(256, 'bm569go', 2),
(257, 'bm569go', 5),
(258, 'bm569go', 2),
(259, 'bm569go', 5),
(260, 'bm569go', 2),
(261, 'bm569go', 1),
(262, 'bm569go', 19),
(263, 'bm569go', 15),
(264, 'bm569go', 14),
(265, 'bm569go', 17),
(266, 'bm569go', 16),
(267, 'bm569go', 5),
(268, 'bm569go', 1),
(269, 'bm569go', 3),
(270, 'bm569go', 2),
(271, 'bm569go', 5),
(272, 'bm569go', 2),
(273, 'bm569go', 19),
(274, 'bm569go', 16),
(275, 'bm569go', 17),
(276, 'bm569go', 18),
(277, 'bm569go', 14),
(278, 'bm569go', 15),
(279, 'bm569go', 5),
(280, 'bm569go', 3),
(281, 'bm569go', 9),
(282, 'bm569go', 11),
(283, 'bm569go', 5),
(284, 'bm569go', 2),
(285, 'bm569go', 14),
(286, 'bm569go', 2),
(287, 'bm569go', 11),
(288, 'bm569go', 2),
(289, 'bm569go', 4),
(290, 'bm569go', 2),
(291, 'bm569go', 9),
(292, 'bm569go', 5),
(293, 'bm569go', 1),
(294, 'bm569go', 2),
(295, 'bm569go', 1),
(296, 'bm569go', 2),
(297, 'bm569go', 1),
(298, 'bm569go', 2),
(299, 'bm569go', 5),
(300, 'bm569go', 2),
(301, 'bm569go', 1),
(302, 'bm569go', 2),
(303, 'bm569go', 14),
(304, 'bm569go', 2),
(305, 'bm569go', 1),
(306, 'bm569go', 2),
(307, 'bm569go', 14),
(308, 'bm569go', 1),
(309, 'bm569go', 2),
(310, 'bm569go', 5),
(311, 'bm569go', 2),
(312, 'bm569go', 3),
(313, 'bm569go', 2),
(314, 'bm569go', 20),
(315, 'bm569go', 21),
(316, 'bm569go', 22),
(317, 'bm569go', 5),
(318, 'bm569go', 10),
(319, 'bm569go', 2),
(320, 'bm569go', 23),
(321, 'bm569go', 5),
(322, 'bm569go', 22),
(323, 'bm569go', 1),
(324, 'bm569go', 5),
(325, 'bm569go', 3),
(326, 'bm569go', 1),
(327, 'bm569go', 5),
(328, 'bm569go', 1),
(329, 'bm569go', 5),
(330, 'bm569go', 1),
(331, 'bm569go', 11),
(332, 'bm569go', 1),
(333, 'bm569go', 8),
(334, 'bm569go', 10),
(335, 'bm569go', 1),
(336, 'bm569go', 11),
(337, 'bm569go', 2),
(338, 'bm569go', 1),
(339, 'bm569go', 5),
(340, 'bm569go', 3),
(341, 'bm569go', 1),
(342, 'bm569go', 9),
(343, 'bm569go', 5),
(344, 'bm569go', 9),
(345, 'bm569go', 5),
(346, 'bm569go', 9),
(347, 'bm569go', 3),
(348, 'bm569go', 22),
(349, 'bm569go', 1),
(350, 'bm569go', 8),
(351, 'bm569go', 6),
(352, 'bm569go', 1),
(353, 'bm569go', 3),
(354, 'bm569go', 1),
(355, 'bm569go', 3),
(356, 'bm569go', 1),
(357, 'bm569go', 22),
(358, 'bm569go', 5),
(359, 'bm569go', 1),
(360, 'bm569go', 8),
(361, 'bm569go', 1),
(362, 'bm569go', 2),
(363, 'bm569go', 5),
(364, 'bm569go', 4),
(365, 'bm569go', 5),
(366, 'bm569go', 1),
(367, 'bm569go', 2),
(368, 'bm569go', 6),
(369, 'bm569go', 1),
(370, 'bm569go', 5),
(371, 'bm569go', 1),
(372, 'bm569go', 4),
(373, 'bm569go', 1),
(374, 'bm569go', 6),
(375, 'bm569go', 1),
(376, 'bm569go', 8),
(377, 'bm569go', 1),
(378, 'bm569go', 8),
(379, 'bm569go', 1),
(380, 'bm569go', 8),
(381, 'bm569go', 1),
(382, 'bm569go', 5),
(383, 'bm569go', 1),
(384, 'bm569go', 5),
(385, 'bm569go', 11),
(386, 'bm569go', 2),
(387, 'bm569go', 4),
(388, 'bm569go', 5),
(389, 'bm569go', 1),
(390, 'bm569go', 5),
(391, 'bm569go', 1),
(392, 'bm569go', 8),
(393, 'bm569go', 10),
(394, 'bm569go', 6),
(395, 'bm569go', 4),
(396, 'bm569go', 14),
(397, 'bm569go', 2),
(398, 'bm569go', 1),
(399, 'bm569go', 10),
(400, 'bm569go', 1),
(401, 'bm569go', 8),
(402, 'bm569go', 10),
(403, 'bm569go', 6),
(404, 'bm569go', 4),
(405, 'bm569go', 14),
(406, 'bm569go', 2),
(407, 'bm569go', 11),
(408, 'bm569go', 9),
(409, 'bm569go', 3),
(410, 'bm569go', 1),
(411, 'bm569go', 10),
(412, 'bm569go', 8),
(413, 'bm569go', 6),
(414, 'bm569go', 4),
(415, 'bm569go', 14),
(416, 'bm569go', 2),
(417, 'bm569go', 5),
(418, 'bm569go', 3),
(419, 'bm569go', 11),
(420, 'bm569go', 4),
(421, 'bm569go', 10),
(422, 'bm569go', 11),
(423, 'bm569go', 4),
(424, 'bm569go', 1),
(425, 'bm569go', 8),
(426, 'bm569go', 10),
(427, 'bm569go', 6),
(428, 'bm569go', 4),
(429, 'bm569go', 14),
(430, 'bm569go', 2),
(431, 'bm569go', 5),
(432, 'bm569go', 2),
(433, 'bm569go', 5),
(434, 'bm569go', 2),
(435, 'bm569go', 3),
(436, 'bm569go', 5),
(437, 'bm569go', 8),
(438, 'bm569go', 1),
(439, 'bm569go', 8),
(440, 'bm569go', 10),
(441, 'bm569go', 6),
(442, 'bm569go', 3),
(443, 'bm569go', 9),
(444, 'bm569go', 11),
(445, 'bm569go', 2),
(446, 'bm569go', 5),
(447, 'bm569go', 3),
(448, 'bm569go', 24),
(449, 'bm569go', 3),
(450, 'bm569go', 4),
(451, 'bm569go', 3),
(452, 'bm569go', 14),
(453, 'bm569go', 2),
(454, 'bm569go', 14),
(455, 'bm569go', 5),
(456, 'bm569go', 11),
(457, 'bm569go', 2),
(458, 'bm569go', 5),
(459, 'bm569go', 4),
(460, 'bm569go', 5),
(461, 'bm569go', 3),
(462, 'bm569go', 9),
(463, 'bm569go', 11),
(464, 'bm569go', 2),
(465, 'bm569go', 1),
(466, 'bm569go', 8),
(467, 'bm569go', 10),
(468, 'bm569go', 6),
(469, 'bm569go', 4),
(470, 'bm569go', 14),
(471, 'bm569go', 2),
(472, 'bm569go', 11),
(473, 'bm569go', 9),
(474, 'bm569go', 3),
(475, 'bm569go', 5),
(476, 'bm569go', 3),
(477, 'bm569go', 9),
(478, 'bm569go', 11),
(479, 'bm569go', 2),
(480, 'bm569go', 24),
(481, 'bm569go', 25),
(482, 'bm569go', 24),
(483, 'bm569go', 26),
(484, 'bm569go', 24),
(485, 'bm569go', 25),
(486, 'bm569go', 24),
(487, 'bm569go', 25),
(488, 'bm569go', 24),
(489, 'bm569go', 26),
(490, 'bm569go', 29),
(491, 'bm569go', 24),
(492, 'bm569go', 25),
(493, 'bm569go', 24),
(494, 'bm569go', 26),
(495, 'bm569go', 24),
(496, 'bm569go', 27),
(497, 'bm569go', 24),
(498, 'bm569go', 28),
(499, 'bm569go', 24),
(500, 'bm569go', 25),
(501, 'bm569go', 24),
(502, 'bm569go', 26),
(503, 'bm569go', 24),
(504, 'bm569go', 27),
(505, 'bm569go', 29),
(506, 'bm569go', 3),
(507, 'bm569go', 29),
(508, 'bm569go', 24),
(509, 'bm569go', 32),
(510, 'bm569go', 24),
(511, 'bm569go', 31),
(512, 'bm569go', 32),
(513, 'bm569go', 24),
(514, 'bm569go', 25),
(515, 'bm569go', 29),
(516, 'bm569go', 26),
(517, 'bm569go', 24),
(518, 'bm569go', 26),
(519, 'bm569go', 29),
(520, 'bm569go', 5),
(521, 'bm569go', 3),
(522, 'bm569go', 2),
(523, 'bm569go', 24),
(524, 'bm569go', 29),
(525, 'bm569go', 26),
(526, 'bm569go', 28),
(527, 'bm569go', 32),
(528, 'bm569go', 30),
(529, 'bm569go', 25),
(530, 'bm569go', 27),
(531, 'bm569go', 31),
(532, 'bm569go', 24),
(533, 'bm569go', 29),
(534, 'bm569go', 25),
(535, 'bm569go', 2),
(536, 'bm569go', 31),
(537, 'bm569go', 24),
(538, 'bm569go', 32),
(539, 'bm569go', 33),
(540, 'bm569go', 32),
(541, 'bm569go', 5),
(542, 'bm569go', 3),
(543, 'bm569go', 2),
(544, 'bm569go', 4),
(545, 'bm569go', 6),
(546, 'bm569go', 8),
(547, 'bm569go', 1),
(548, 'bm569go', 24),
(549, 'bm569go', 35),
(550, 'bm569go', 34),
(551, 'bm569go', 35),
(552, 'bm569go', 32),
(553, 'bm569go', 24),
(554, 'bm569go', 25),
(555, 'bm569go', 29),
(556, 'bm569go', 25),
(557, 'bm569go', 30),
(558, 'bm569go', 24);

-- --------------------------------------------------------

--
-- Štruktúra tabuľky pre tabuľku `kategoria`
--

CREATE TABLE IF NOT EXISTS `kategoria` (
  `id` int(11) NOT NULL AUTO_INCREMENT,
  `nazov` varchar(50) NOT NULL,
  PRIMARY KEY (`id`)
) ENGINE=MyISAM DEFAULT CHARSET=cp1250 AUTO_INCREMENT=1 ;

-- --------------------------------------------------------

--
-- Štruktúra tabuľky pre tabuľku `synonym`
--

CREATE TABLE IF NOT EXISTS `synonym` (
  `SID` int(11) NOT NULL AUTO_INCREMENT,
  `STID` int(11) NOT NULL,
  `DTID` int(11) NOT NULL,
  PRIMARY KEY (`SID`)
) ENGINE=MyISAM  DEFAULT CHARSET=cp1250 AUTO_INCREMENT=17 ;

--
-- Sťahujem dáta pre tabuľku `synonym`
--

INSERT INTO `synonym` (`SID`, `STID`, `DTID`) VALUES
(16, 2, 6),
(13, 6, 2);

-- --------------------------------------------------------

--
-- Štruktúra tabuľky pre tabuľku `term`
--

CREATE TABLE IF NOT EXISTS `term` (
  `TID` int(11) NOT NULL AUTO_INCREMENT,
  `UID` varchar(7) NOT NULL,
  `AID` int(11) NOT NULL,
  `term` varchar(50) NOT NULL,
  `abr` varchar(50) NOT NULL,
  `lang` varchar(3) NOT NULL,
  `trans` varchar(50) NOT NULL,
  `text` text NOT NULL,
  PRIMARY KEY (`TID`)
) ENGINE=MyISAM  DEFAULT CHARSET=cp1250 AUTO_INCREMENT=36 ;

--
-- Sťahujem dáta pre tabuľku `term`
--

INSERT INTO `term` (`TID`, `UID`, `AID`, `term`, `abr`, `lang`, `trans`, `text`) VALUES
(1, 'zd712go', 23, 'Životný cyklus softvéru', 'SwLC', 'SK', 'Software Life Cycle', 'Postupnosť opakujúcich sa fáz systému tvorí cyklus, ktorý nazývame životný cyklus softvéru (SwLC - Software Life Cycle. Jednotlivé etapy životného cyklu programového systému je možné rozčleniť na\r\n<ul>\r\n<li><p><b>analýza</b> (analysis) - analýza vlastností existujúceho systému, špecifikácia požiadaviek na nový systém</p></li>\r\n<li><p><b>Návrh</b> (design) - návrh štruktúry a vlastností nového systému</p></li>\r\n<li><p><b>Implementácia</b> (implemetation) - implementácia navrhovaneho systému v konkrétnom technickom a programovom prostredí</p></li>\r\n<li><p><b>Používanie a údržba</b></p></li>'),
(2, 'bm569go', 23, 'Modely', 'Modely', 'SK', 'SwLC', 'Modely SwLC definujú náväznosť jednotlivých etáp SwLC. Sú to abstraktné modely, ktoré slúžia pre <b>plánovanie, riadenie a realizáciu</b>:</p>\r\n<ul>\r\n<li><p>predprojektových a projektových prác na programovom systéme</p></li>\r\n<li><p>správy a údržby programového systému</p></li>\r\n</ul>\r\n<p>V súčasnosti medzi najčastejšie používané modely životného cyklu programového systému patria:</p>\r\n<ul>\r\n<li><p>vodopádový model</p></li>\r\n<li><p>prototypovací model</p></li>\r\n<li><p>model prieskumník</p></li>\r\n<li><p>špirálový model</p></li>\r\n</ul>'),
(3, 'bm569go', 23, 'Funkčný Model', 'FM', 'SK', 'Function Model', 'Funkčný model popisuje systém z hľadiska procesov, ktoré v ňom prebiehajú, funkcií a služieb, ktoré poskytuje.'),
(4, 'bm569go', 23, 'Procesný model', 'PM', 'SK', 'Processing model', 'Funkčný model popisuje systém z hľadiska procesov, ktoré v ňom prebiehajú, funkcií a služieb, ktoré poskytuje.'),
(5, 'bm569go', 23, 'Dátový Model', 'DM', 'SK', 'Data Model', 'Dátový model popisuje systém z hľadiska informácií, ich reprezentácie, statických a dynamických vlastností.'),
(6, 'bm569go', 23, 'Riadiaci model', 'RM', 'SK', 'Control', 'Riadiaci model modeluje riadenie rôznych častí systému, na rôznej úrovni detailizácie, najčastejšie riadenie používateľského rozhrania - User Interface Model - UIM, riadenie vykonávania procesov, riadenie správania objektov apod.'),
(8, 'bm569go', 23, 'Vodopádový model', 'VM', 'SK', '', ''),
(9, 'bm569go', 40, 'Model', 'MP', 'SK', '', ''),
(10, 'bm569go', 40, 'Špirálový model', 'ŠM', 'SK', '', ''),
(11, 'bm569go', 40, 'Model výskumník', 'MV', 'SK', '', ''),
(14, 'bm569go', 11, 'objekt', '', 'SK', 'object', 'Objekt je konkrétna inštancia ( výskyt) danej triedy.\r\nObjekt je každý reálny, imaginárny alebo virtuálny prvok reálneho, imaginárneho alebo virtuálneho sveta, ktorý má jednoznačnú identifikáciu, je charakterizovaný konkrétnymi vlastnosťami a správaním.'),
(24, 'bm569go', 22, 'Disjunktívna Normálna Forma', 'DNF', 'SK', '', 'Disjunktívna normálna forma je výraz zložený z logického súčtu navzájom rôznych elementárnych súčinov.'),
(25, 'bm569go', 22, 'Skrátená Disjunktívna Normálna Forma', 'SDNF', 'SK', '', 'Skrátená Disjunktívna Normálna Forma booleovskej funkcie f je tvorená logickým súčtom všetkých prostých implikantov.'),
(26, 'bm569go', 22, 'Iredundantná Disjunktívna Normálna Forma', 'IDNF', 'SK', '', 'Iredundantná disjunktívna normálna forma (IDNF) booleovskej funkcie f predstavuje logický súčet všetkých prostých implikantov funkcie f tvoriacich úplný systém implikantov funkcie f, pričom nie je možné vynechaním akéhokoľvek prostého implikantu získať úplný systém implikantov tejto funkcie.'),
(27, 'bm569go', 22, 'Úplná Disjunktívna Normálna Forma', 'UDNF', 'SK', '', 'Úplná Disjunktívna Normálna Forma (UDNF) booleovskej funkcie je taká disjunktívna normálna forma, kde každý bod, v ktorom funkcia nadobúda hodnotu 1 je pokrytý práve jedným úplným elementárnym súčinom.'),
(28, 'bm569go', 22, 'Minimálna Disjunktívna Normálna Forma', 'MDNF', 'SK', '', 'Minimálna Disjunktívna Normálna Forma (MDNF) booleovskej funkcie f je taká iredundantná disjunktívna normálna forma booleovskej funkcie, ktorá je minimálna pre zvolené kritérium.'),
(29, 'bm569go', 22, 'Implikant', 'Implikant', 'SK', '', 'Implikant funkcie f(x_1,x_2,…,x_n) je taká funkciag(x_1,x_2,…,x_n), že množina tých bodov v ktorých funkcia g nadobúda hodnotu 1 je podmnožinou množiny bodov v ktorých funkcia f nadobúda hodnotu 1.'),
(30, 'bm569go', 22, 'Prostý implikant', 'Prostý implikant', 'SK', '', 'Prostý implikant booleovskej funkcie f je implikant g, vyjadrený v tvare elementárneho súčinu rádu r, ktorého žiadna vlastná časť (elementárny súčin rádu r‘, kde r‘<r, ktorý teda vzniká z implikantu g vynechaním jednej alebo viacerých premenných) nie je implikantom funkcie f.'),
(31, 'bm569go', 22, 'Úplný Systém Implikantov', 'USI', 'SK', '', 'Úplný systém implikantov booleovskej funkcie pokrýva každý bod funkcie, kde táto nadobúda hodnotu 1 aspoň jedným implikantom zo systému implikantov tejto booleovskej funkcie.'),
(32, 'bm569go', 22, 'Normálna Forma', 'NF', 'SK', '', 'Normálnaforma booleovskej funckie môže byť reprezentovaná vo forme\r\n\r\n<ul>\r\n<li><p>Disjunktívnej Normálne Formy (DNF)</p></li>\r\n<li><p>Konjunktívnej Normálne Formy (KNF)</p></li>\r\n</ul>'),
(33, 'bm569go', 22, 'Konjunktívna Normálna Forma', 'KNF', 'SK', '', 'Konjunktívna normálna forma (KNF) je výraz zložený z logického súčinu navzájom rôznych elementárnych súčtov.'),
(34, 'bm569go', 22, 'Elementárny súčin', 'Elementárny súčin', 'SK', '', 'Elementárny súčin je výraz zložený z logického súčinu ľubovoľného počtu nezávislých premenných, pričom každá premenná sa v ňom vyskytuje práve raz, a to buď ako priama alebo ako invertovaná.'),
(35, 'bm569go', 22, 'Úplný elementárny súčin', 'Úplný elementárny súčin', 'SK', '', 'Úplný elementárny súčin booleovskej funkcie n premenných je elementárny súčin všetkých n premenných booleovskej funkcie. Každá premenná sa v ňom nachádza práve raz a to buď ako priama alebo ako invertovaná.');

-- --------------------------------------------------------

--
-- Štruktúra tabuľky pre tabuľku `upterm`
--

CREATE TABLE IF NOT EXISTS `upterm` (
  `UID` int(11) NOT NULL AUTO_INCREMENT,
  `STID` int(11) NOT NULL,
  `DTID` int(11) NOT NULL,
  PRIMARY KEY (`UID`)
) ENGINE=MyISAM  DEFAULT CHARSET=cp1250 AUTO_INCREMENT=38 ;

--
-- Sťahujem dáta pre tabuľku `upterm`
--

INSERT INTO `upterm` (`UID`, `STID`, `DTID`) VALUES
(33, 2, 1),
(15, 11, 2),
(13, 9, 2),
(14, 10, 2),
(9, 8, 2),
(24, 25, 24),
(23, 26, 24),
(25, 27, 24),
(26, 28, 24),
(27, 30, 29),
(28, 29, 25),
(29, 29, 26),
(34, 31, 29),
(31, 24, 32),
(36, 33, 32),
(37, 35, 34);

-- --------------------------------------------------------

--
-- Štruktúra tabuľky pre tabuľku `user`
--

CREATE TABLE IF NOT EXISTS `user` (
  `USID` varchar(7) NOT NULL,
  `attribute` varchar(10) NOT NULL,
  `value` varchar(5) NOT NULL
) ENGINE=MyISAM DEFAULT CHARSET=cp1250;

--
-- Sťahujem dáta pre tabuľku `user`
--

INSERT INTO `user` (`USID`, `attribute`, `value`) VALUES
('bm569go', 'TLENG', 'YES'),
('bm569go', 'AL', 'SK'),
('bm569go', 'TLSK', 'YES'),
('bm569go', 'AD', 'NO'),
('bm569go', 'AdOSLinux', 'NO'),
('bm569go', 'SAP', 'NO'),
('bm569go', 'APS', 'NO'),
('bm569go', 'AS', 'NO'),
('bm569go', 'AOP', 'NO'),
('bm569go', 'BvI', 'NO'),
('bm569go', 'BvPS', 'NO'),
('bm569go', 'DBS', 'NO'),
('bm569go', 'DaS', 'NO'),
('bm569go', 'DSProg', 'NO'),
('bm569go', 'DvI', 'NO'),
('bm569go', 'E', 'NO'),
('bm569go', 'FJaP', 'NO'),
('bm569go', 'FŠS', 'NO'),
('bm569go', 'FP', 'NO'),
('bm569go', 'F', 'NO'),
('bm569go', 'KPr', 'NO'),
('bm569go', 'KaMSW', 'NO'),
('bm569go', 'LS', 'YES'),
('bm569go', 'LPI', 'NO'),
('bm569go', 'ML', 'NO'),
('bm569go', 'MAT', 'NO'),
('bm569go', 'MedIn', 'NO'),
('bm569go', 'MaGSA', 'NO'),
('bm569go', 'MaS', 'NO'),
('bm569go', 'NČS', 'NO'),
('bm569go', 'NMPaMŠ', 'NO'),
('bm569go', 'OP', 'NO'),
('bm569go', 'OVaUnix', 'NO'),
('bm569go', 'OS', 'NO'),
('bm569go', 'PPS', 'NO'),
('bm569go', 'PP', 'NO'),
('bm569go', 'PZaSP', 'NO'),
('bm569go', 'PG', 'NO'),
('bm569go', 'PS', 'NO'),
('bm569go', 'PDBT', 'NO'),
('bm569go', 'PPI', 'NO'),
('bm569go', 'PROG', 'NO'),
('bm569go', 'PDotNET', 'NO'),
('bm569go', 'SPJ', 'NO'),
('bm569go', 'SAvPS', 'NO'),
('bm569go', 'SPoč', 'NO'),
('bm569go', 'SVR', 'NO'),
('bm569go', 'TBIS', 'NO'),
('bm569go', 'TJava', 'NO'),
('bm569go', 'TSWP', 'NO'),
('bm569go', 'TI', 'NO'),
('bm569go', 'TT', 'NO'),
('bm569go', 'UŠaA', 'NO'),
('bm569go', 'UPS', 'NO'),
('bm569go', 'WebT', 'NO'),
('bm569go', 'ZEI', 'NO'),
('bm569go', 'ZIM', 'NO'),
('bm569go', 'ZSwI', 'NO'),
('bm569go', 'CSCH', '3'),
('zd712ft', 'LANG', 'SK'),
('bm569go', 'N?S', 'NO'),
('bm569go', 'SPo?', 'NO'),
('bm569go', 'SKU', 'NO');

/*!40101 SET CHARACTER_SET_CLIENT=@OLD_CHARACTER_SET_CLIENT */;
/*!40101 SET CHARACTER_SET_RESULTS=@OLD_CHARACTER_SET_RESULTS */;
/*!40101 SET COLLATION_CONNECTION=@OLD_COLLATION_CONNECTION */;
